{"id":2823,"date":"2022-05-23T12:36:02","date_gmt":"2022-05-23T12:36:02","guid":{"rendered":"https:\/\/www.bianchifinance-societarl.com\/index.php\/chi-siamo\/turismo-dentale-in-albania\/"},"modified":"2022-05-29T21:22:49","modified_gmt":"2022-05-29T21:22:49","slug":"turismo-dentale-in-albania","status":"publish","type":"page","link":"https:\/\/www.bianchifinance-societarl.com\/index.php\/chi-siamo\/turismo-dentale-in-albania\/?lang=it","title":{"rendered":"Turismo Dentale"},"content":{"rendered":"<p>[vc_row full_width=&#8221;stretch_row_content&#8221; css=&#8221;.vc_custom_1650824131221{margin-right: 0px !important;margin-bottom: 50px !important;margin-left: 0px !important;padding-top: 80px !important;padding-right: 40px !important;padding-bottom: 80px !important;padding-left: 40px !important;background-image: url(http:\/\/www.bianchifinance-societarl.com\/wp-content\/uploads\/2022\/04\/DENTAL-TOURISM-IN-ALBANIA.png?id=2246) !important;background-position: center !important;background-repeat: no-repeat !important;background-size: cover !important;}&#8221;][vc_column width=&#8221;1\/2&#8243;][\/vc_column][vc_column width=&#8221;1\/2&#8243;][vc_empty_space height=&#8221;200px&#8221;][\/vc_column][\/vc_row][vc_row][vc_column][vc_custom_heading text=&#8221;Turismo Dentale in Albania&#8221; google_fonts=&#8221;font_family:Montserrat%3Aregular%2C700|font_style:700%20bold%20regular%3A700%3Anormal&#8221;][vc_custom_heading text=&#8221;Quali Servizi Riceverai:&#8221; font_container=&#8221;tag:h4|text_align:left&#8221; google_fonts=&#8221;font_family:Montserrat%3Aregular%2C700|font_style:400%20regular%3A400%3Anormal&#8221;][vc_empty_space][vc_column_text]<span data-preserver-spaces=\"true\">Il Turismo Dentale in Albania con ImplantSwiss include:<\/span><\/p>\n<ul>\n<li><strong>La migliore esperienza odontoiatrica \u00e8 a poche ore da casa.<\/strong><\/li>\n<li><strong><span data-preserver-spaces=\"true\">Soggiorno gratuito per due persone<\/span><\/strong><\/li>\n<li><strong><span data-preserver-spaces=\"true\">Servizi Turistici Personalizzati<\/span><\/strong><\/li>\n<\/ul>\n<p><strong><em>Vuoi risparmiare su cure odontoiatriche di alta qualit\u00e0 e contemporaneamente avere una vacanza gratuita?<\/em><\/strong><\/p>\n<p><span data-preserver-spaces=\"true\">Noi <strong>di<\/strong><\/span><strong>ImplantSwiss Albania<\/strong> <span data-preserver-spaces=\"true\">offriamo<\/span> <strong><span data-preserver-spaces=\"true\">un soggiorno gratuito per due persone<\/span><\/strong>: <span data-preserver-spaces=\"true\">soggiorno in un ottimo Hotel\/Airbnb a solo 70 metri dalla clinica e altri servizi <\/span><strong><span data-preserver-spaces=\"true\">gratuiti <\/span><\/strong> <span data-preserver-spaces=\"true\">:<\/span><\/p>\n<ul>\n<li><span data-preserver-spaces=\"true\">Trasporto da\/per aeroporto. <\/span><\/li>\n<li><span data-preserver-spaces=\"true\">Assistenza in inglese\/italiano\/turco per tutta la durata dei trattamenti.<\/span><\/li>\n<\/ul>\n<p>[\/vc_column_text][\/vc_column][\/vc_row][vc_row][vc_column][vc_empty_space height=&#8221;50px&#8221;][vc_custom_heading text=&#8221;Oltre al trattamento odontoiatrico, visiterai anche:&#8221; font_container=&#8221;tag:h3|text_align:center&#8221; google_fonts=&#8221;font_family:Montserrat%3Aregular%2C700|font_style:700%20bold%20regular%3A700%3Anormal&#8221;][vc_empty_space height=&#8221;50px&#8221;][\/vc_column][\/vc_row][vc_row][vc_column width=&#8221;1\/3&#8243;]\n<!-- BEGIN .imagebox -->\n<div class=\"imagebox  \">\n\t\n\t\t<div class=\"box-header\">\n\t\t\t<h3 class=\"box-title\">\n\t\t\t\t<a href=\"\" target=\"_self\">\n\t\t\t\t\tTirana\t\t\t\t<\/a>\n\t\t\t<\/h3>\n\n\t\t\t\t\t<\/div>\n\n\t\t<div class=\"box-content\"><\/div>\n\n\t\t<div class=\"box-image\">\n\t\t\t<a href=\"\" target=\"_self\">\n\t\t\t\t\n\t\t\t\t<img loading=\"lazy\" decoding=\"async\" class=\"\" src=\"https:\/\/www.bianchifinance-societarl.com\/wp-content\/uploads\/2022\/04\/Tirana.png\" width=\"300\" height=\"300\" alt=\"Turismo Dentale in Tirana\" title=\"Turismo Dentale in Tirana\" \/>\t\t\t<\/a>\n\t\t<\/div>\n\t<\/div>\n<!-- End .imagebox -->\n[\/vc_column][vc_column width=&#8221;1\/3&#8243;]\n<!-- BEGIN .imagebox -->\n<div class=\"imagebox  \">\n\t\n\t\t<div class=\"box-header\">\n\t\t\t<h3 class=\"box-title\">\n\t\t\t\t<a href=\"\" target=\"_self\">\n\t\t\t\t\tDurazzo\t\t\t\t<\/a>\n\t\t\t<\/h3>\n\n\t\t\t\t\t<\/div>\n\n\t\t<div class=\"box-content\"><\/div>\n\n\t\t<div class=\"box-image\">\n\t\t\t<a href=\"\" target=\"_self\">\n\t\t\t\t\n\t\t\t\t<img loading=\"lazy\" decoding=\"async\" class=\"\" src=\"https:\/\/www.bianchifinance-societarl.com\/wp-content\/uploads\/2022\/04\/Durresi.png\" width=\"300\" height=\"300\" alt=\"Turismo Dentale in Durazzo\" title=\"Turismo Dentale in Durazzo\" \/>\t\t\t<\/a>\n\t\t<\/div>\n\t<\/div>\n<!-- End .imagebox -->\n[\/vc_column][vc_column width=&#8221;1\/3&#8243;]\n<!-- BEGIN .imagebox -->\n<div class=\"imagebox  \">\n\t\n\t\t<div class=\"box-header\">\n\t\t\t<h3 class=\"box-title\">\n\t\t\t\t<a href=\"\" target=\"_self\">\n\t\t\t\t\tKruja\t\t\t\t<\/a>\n\t\t\t<\/h3>\n\n\t\t\t\t\t<\/div>\n\n\t\t<div class=\"box-content\"><\/div>\n\n\t\t<div class=\"box-image\">\n\t\t\t<a href=\"\" target=\"_self\">\n\t\t\t\t\n\t\t\t\t<img loading=\"lazy\" decoding=\"async\" class=\"\" src=\"https:\/\/www.bianchifinance-societarl.com\/wp-content\/uploads\/2022\/04\/Kruja.png\" width=\"300\" height=\"300\" alt=\"Turismo Dentale in Durazzo\" title=\"Turismo Dentale in Durazzo\" \/>\t\t\t<\/a>\n\t\t<\/div>\n\t<\/div>\n<!-- End .imagebox -->\n[\/vc_column][\/vc_row][vc_row][vc_column][vc_empty_space][vc_tta_accordion spacing=&#8221;2&#8243; c_icon=&#8221;triangle&#8221; active_section=&#8221;1&#8243;][vc_tta_section i_type=&#8221;material&#8221; i_icon_material=&#8221;vc-material vc-material-airport_shuttle&#8221; add_icon=&#8221;true&#8221; title=&#8221;Cosa aspettarsi dal Turismo Dentale in Albania&#8221; tab_id=&#8221;1650828254490-dc63ad44-8c3b&#8221;][vc_column_text]Il turismo odontoiatrico, nato negli ultimi decenni, \u00e8 una branca del turismo medico: le persone scelgono di trasferirsi in luoghi che offrono lo stesso servizio odontoiatrico ma ad un prezzo molto pi\u00f9 ragionevole. Stati Uniti e Canada furono i primi a spostarsi verso Messico, Costa Rica e Per\u00f9. Poi l&#8217;Australia si \u00e8 trasferita in Thailandia e in India. Infine, gli italiani hanno scelto di affidarsi ai dentisti in Croazia per fare dei piccoli trattamenti odontoiatrici durante le vacanze.<\/p>\n<p>Il turismo dentale in Albania \u00e8 nato pi\u00f9 di dieci anni fa, con i primi pazienti albanesi che vivevano in Italia e utilizzavano le vacanze estive per prendersi cura dei propri denti in modo low cost. Il turismo dentale in Albania \u00e8 nato pi\u00f9 di dieci anni fa, con i primi pazienti albanesi che vivevano in Italia e utilizzavano le vacanze estive per prendersi cura dei propri denti in modo low cost. Ma oggi il turismo dentale \u00e8 diventato un sistema molto organizzato. Molte cliniche offrono il trasporto dall&#8217;aeroporto, l&#8217;alloggio e persino le guide turistiche.[\/vc_column_text][\/vc_tta_section][vc_tta_section i_icon_fontawesome=&#8221;fas fa-angle-down&#8221; add_icon=&#8221;true&#8221; title=&#8221;Cosa aspettarsi dal Turismo Dentale in Albania&#8221; tab_id=&#8221;1650828254500-2278ba35-639f&#8221;][vc_column_text]<strong>Economia &amp; Risparmio<\/strong><\/p>\n<p><strong><span data-preserver-spaces=\"true\">&#8220;Risparmia fino al 50%&#8221;<\/span><\/strong><span data-preserver-spaces=\"true\"> \u00e8 ci\u00f2 che pubblicizzano tutte le cliniche dentali, ma \u00e8 cos\u00ec? In Albania tutto costa meno, e questo ti d\u00e0 la possibilit\u00e0 di sorridere di nuovo con i denti nuovi, risparmiare la met\u00e0, fare il turista e rilassarti per qualche giorno. I prezzi pi\u00f9 bassi dei <\/span><strong><span data-preserver-spaces=\"true\">trattamenti dentali<\/span><\/strong> <span data-preserver-spaces=\"true\">sono nella stessa linea di tutti gli altri servizi economici in Albania.<\/span><\/p>\n<p><span data-preserver-spaces=\"true\">ImplantSwiss Albania \u00e8 dotata di<\/span> <strong><span data-preserver-spaces=\"true\">certificati di qualit\u00e0 ISO 9001<\/span><\/strong><span data-preserver-spaces=\"true\">e tutti i materiali utilizzati hanno il marchio CE.<\/span><\/p>\n<p><span data-preserver-spaces=\"true\">Il successo di tutti i prodotti svizzeri risiede nell&#8217;approccio perfezionista in ogni fase del processo. Quella precisione svizzera \u00e8 il segreto del successo della qualit\u00e0 Implantswiss.<\/span><\/p>\n<p><span data-preserver-spaces=\"true\">Utilizzando il sistema software ERP, ogni prodotto Implantswiss pu\u00f2 essere facilmente tracciato dalla produzione alla consegna.<\/span><\/p>\n<p>[\/vc_column_text][vc_column_text]<\/p>\n<p>&nbsp;<\/p>\n<p><strong>Professionalit\u00e0 e Garanzia a Vita<\/strong><\/p>\n<p>Il nostro programma di turismo dentale offre entrambi i tipi di cure dentistiche; cure odontoiatriche generali e specialistiche. Le cure dentistiche disponibili includono il ridimensionamento dei denti, la pulizia professionale, la lucidatura ad aria, le semplici otturazioni, i trattamenti del canale radicolare, lo sbiancamento dentale professionale e altro ancora.<\/p>\n<p>Mentre le cure dentistiche specializzate, come trattamenti restaurativi complessi, corone, protesi, interventi chirurgici orali, impianti e altro, vengono eseguite dai nostri specialisti dentali albanesi e italiani.<\/p>\n<p>La domanda di cure odontoiatriche \u00e8 considerata non dominata dall&#8217;emergenza. Pertanto la nostra esperienza nel turismo dentale, con la pianificazione prima del trattamento dentale, \u00e8 stata costantemente ben organizzata e con risultati positivi.<\/p>\n<p>ImplantSwiss Albania, in quanto struttura privata, \u00e8 determinata a migliorare ulteriormente l&#8217;industria del turismo dentale. Il nostro obiettivo \u00e8 soddisfare tutti i nostri pazienti effettivi e motivare i nostri potenziali pazienti a recarsi a Tirana per cure dentistiche di alta qualit\u00e0.[\/vc_column_text][\/vc_tta_section][\/vc_tta_accordion][\/vc_column][\/vc_row]<\/p>\n","protected":false},"excerpt":{"rendered":"<p>[vc_row full_width=&#8221;stretch_row_content&#8221; css=&#8221;.vc_custom_1650824131221{margin-right: 0px !important;margin-bottom: 50px !important;margin-left: 0px !important;padding-top: 80px !important;padding-right: 40px !important;padding-bottom: 80px !important;padding-left: 40px !important;background-image: url(http:\/\/www.bianchifinance-societarl.com\/wp-content\/uploads\/2022\/04\/DENTAL-TOURISM-IN-ALBANIA.png?id=2246) !important;background-position: center !important;background-repeat: no-repeat !important;background-size: cover !important;}&#8221;][vc_column width=&#8221;1\/2&#8243;][\/vc_column][vc_column width=&#8221;1\/2&#8243;][vc_empty_space height=&#8221;200px&#8221;][\/vc_column][\/vc_row][vc_row][vc_column][vc_custom_heading text=&#8221;Turismo Dentale in Albania&#8221; google_fonts=&#8221;font_family:Montserrat%3Aregular%2C700|font_style:700%20bold%20regular%3A700%3Anormal&#8221;][vc_custom_heading text=&#8221;Quali Servizi Riceverai:&#8221; font_container=&#8221;tag:h4|text_align:left&#8221; google_fonts=&#8221;font_family:Montserrat%3Aregular%2C700|font_style:400%20regular%3A400%3Anormal&#8221;][vc_empty_space][vc_column_text]Il Turismo Dentale in Albania con ImplantSwiss include: La migliore esperienza odontoiatrica \u00e8 a poche ore da casa. [&hellip;]<\/p>\n","protected":false},"author":1,"featured_media":0,"parent":2679,"menu_order":0,"comment_status":"closed","ping_status":"closed","template":"","meta":{"footnotes":""},"class_list":["post-2823","page","type-page","status-publish","hentry"],"acf":[],"yoast_head":"<!-- This site is optimized with the Yoast SEO plugin v19.9 - https:\/\/yoast.com\/wordpress\/plugins\/seo\/ -->\n<title>ImplantSwiss Albania - Turismo Dentale Albania - Impianti Dentali | Corona Dentale<\/title>\n<meta name=\"description\" content=\"ImplantSwiss Albania is a modern dental clinic specializing in advanced diagnostics and treating dental and oral disorders. It is also one of the most reliable brands in the dental sector with its innovative solutions, unique surface design, and high-quality implants. We offer comprehensive services from all fields of dentistry. In addition to high-end dental equipment, all services are provided in a comfortable and luxurious environment. New patients are welcomed with a complimentary oral health consultation.\" \/>\n<meta name=\"robots\" content=\"index, follow, max-snippet:-1, max-image-preview:large, max-video-preview:-1\" \/>\n<link rel=\"canonical\" href=\"https:\/\/www.bianchifinance-societarl.com\/index.php\/chi-siamo\/turismo-dentale-in-albania\/\" \/>\n<meta property=\"og:locale\" content=\"en_US\" \/>\n<meta property=\"og:type\" content=\"article\" \/>\n<meta property=\"og:title\" content=\"ImplantSwiss Albania - Turismo Dentale Albania - Impianti Dentali | Corona Dentale\" \/>\n<meta property=\"og:description\" content=\"ImplantSwiss Albania is a modern dental clinic specializing in advanced diagnostics and treating dental and oral disorders. It is also one of the most reliable brands in the dental sector with its innovative solutions, unique surface design, and high-quality implants. We offer comprehensive services from all fields of dentistry. In addition to high-end dental equipment, all services are provided in a comfortable and luxurious environment. New patients are welcomed with a complimentary oral health consultation.\" \/>\n<meta property=\"og:url\" content=\"https:\/\/www.bianchifinance-societarl.com\/index.php\/chi-siamo\/turismo-dentale-in-albania\/?lang=it\" \/>\n<meta property=\"og:site_name\" content=\"ImplantSwiss Albania\" \/>\n<meta property=\"article:publisher\" content=\"https:\/\/www.facebook.com\/implantswissalbania\" \/>\n<meta property=\"article:modified_time\" content=\"2022-05-29T21:22:49+00:00\" \/>\n<meta name=\"twitter:card\" content=\"summary_large_image\" \/>\n<meta name=\"twitter:label1\" content=\"Est. reading time\" \/>\n\t<meta name=\"twitter:data1\" content=\"4 minutes\" \/>\n<script type=\"application\/ld+json\" class=\"yoast-schema-graph\">{\"@context\":\"https:\/\/schema.org\",\"@graph\":[{\"@type\":\"WebPage\",\"@id\":\"https:\/\/www.bianchifinance-societarl.com\/index.php\/chi-siamo\/turismo-dentale-in-albania\/?lang=it\",\"url\":\"https:\/\/www.bianchifinance-societarl.com\/index.php\/chi-siamo\/turismo-dentale-in-albania\/?lang=it\",\"name\":\"ImplantSwiss Albania - Turismo Dentale Albania - Impianti Dentali | Corona Dentale\",\"isPartOf\":{\"@id\":\"https:\/\/www.bianchifinance-societarl.com\/#website\"},\"datePublished\":\"2022-05-23T12:36:02+00:00\",\"dateModified\":\"2022-05-29T21:22:49+00:00\",\"description\":\"ImplantSwiss Albania is a modern dental clinic specializing in advanced diagnostics and treating dental and oral disorders. It is also one of the most reliable brands in the dental sector with its innovative solutions, unique surface design, and high-quality implants. We offer comprehensive services from all fields of dentistry. In addition to high-end dental equipment, all services are provided in a comfortable and luxurious environment. New patients are welcomed with a complimentary oral health consultation.\",\"breadcrumb\":{\"@id\":\"https:\/\/www.bianchifinance-societarl.com\/index.php\/chi-siamo\/turismo-dentale-in-albania\/?lang=it#breadcrumb\"},\"inLanguage\":\"en-US\",\"potentialAction\":[{\"@type\":\"ReadAction\",\"target\":[\"https:\/\/www.bianchifinance-societarl.com\/index.php\/chi-siamo\/turismo-dentale-in-albania\/?lang=it\"]}]},{\"@type\":\"BreadcrumbList\",\"@id\":\"https:\/\/www.bianchifinance-societarl.com\/index.php\/chi-siamo\/turismo-dentale-in-albania\/?lang=it#breadcrumb\",\"itemListElement\":[{\"@type\":\"ListItem\",\"position\":1,\"name\":\"Home\",\"item\":\"https:\/\/www.bianchifinance-societarl.com\/\"},{\"@type\":\"ListItem\",\"position\":2,\"name\":\"Chi Siamo\",\"item\":\"https:\/\/www.bianchifinance-societarl.com\/index.php\/chi-siamo\/?lang=it\"},{\"@type\":\"ListItem\",\"position\":3,\"name\":\"Turismo Dentale\"}]},{\"@type\":\"WebSite\",\"@id\":\"https:\/\/www.bianchifinance-societarl.com\/#website\",\"url\":\"https:\/\/www.bianchifinance-societarl.com\/\",\"name\":\"ImplantSwiss Albania\",\"description\":\"Turismo Dentale Albania - Impianti Dentali | Corona Dentale\",\"publisher\":{\"@id\":\"https:\/\/www.bianchifinance-societarl.com\/#organization\"},\"potentialAction\":[{\"@type\":\"SearchAction\",\"target\":{\"@type\":\"EntryPoint\",\"urlTemplate\":\"https:\/\/www.bianchifinance-societarl.com\/?s={search_term_string}\"},\"query-input\":\"required name=search_term_string\"}],\"inLanguage\":\"en-US\"},{\"@type\":\"Organization\",\"@id\":\"https:\/\/www.bianchifinance-societarl.com\/#organization\",\"name\":\"ImplantSwiss Albania\",\"url\":\"https:\/\/www.bianchifinance-societarl.com\/\",\"logo\":{\"@type\":\"ImageObject\",\"inLanguage\":\"en-US\",\"@id\":\"https:\/\/www.bianchifinance-societarl.com\/#\/schema\/logo\/image\/\",\"url\":\"http:\/\/www.bianchifinance-societarl.com\/wp-content\/uploads\/2022\/04\/ISA-Logo.png\",\"contentUrl\":\"http:\/\/www.bianchifinance-societarl.com\/wp-content\/uploads\/2022\/04\/ISA-Logo.png\",\"width\":600,\"height\":300,\"caption\":\"ImplantSwiss Albania\"},\"image\":{\"@id\":\"https:\/\/www.bianchifinance-societarl.com\/#\/schema\/logo\/image\/\"},\"sameAs\":[\"https:\/\/www.instagram.com\/implantswissalbania\/\",\"https:\/\/www.facebook.com\/implantswissalbania\"]}]}<\/script>\n<!-- \/ Yoast SEO plugin. -->","yoast_head_json":{"title":"ImplantSwiss Albania - Turismo Dentale Albania - Impianti Dentali | Corona Dentale","description":"ImplantSwiss Albania is a modern dental clinic specializing in advanced diagnostics and treating dental and oral disorders. It is also one of the most reliable brands in the dental sector with its innovative solutions, unique surface design, and high-quality implants. We offer comprehensive services from all fields of dentistry. In addition to high-end dental equipment, all services are provided in a comfortable and luxurious environment. New patients are welcomed with a complimentary oral health consultation.","robots":{"index":"index","follow":"follow","max-snippet":"max-snippet:-1","max-image-preview":"max-image-preview:large","max-video-preview":"max-video-preview:-1"},"canonical":"https:\/\/www.bianchifinance-societarl.com\/index.php\/chi-siamo\/turismo-dentale-in-albania\/","og_locale":"en_US","og_type":"article","og_title":"ImplantSwiss Albania - Turismo Dentale Albania - Impianti Dentali | Corona Dentale","og_description":"ImplantSwiss Albania is a modern dental clinic specializing in advanced diagnostics and treating dental and oral disorders. It is also one of the most reliable brands in the dental sector with its innovative solutions, unique surface design, and high-quality implants. We offer comprehensive services from all fields of dentistry. In addition to high-end dental equipment, all services are provided in a comfortable and luxurious environment. New patients are welcomed with a complimentary oral health consultation.","og_url":"https:\/\/www.bianchifinance-societarl.com\/index.php\/chi-siamo\/turismo-dentale-in-albania\/?lang=it","og_site_name":"ImplantSwiss Albania","article_publisher":"https:\/\/www.facebook.com\/implantswissalbania","article_modified_time":"2022-05-29T21:22:49+00:00","twitter_card":"summary_large_image","twitter_misc":{"Est. reading time":"4 minutes"},"schema":{"@context":"https:\/\/schema.org","@graph":[{"@type":"WebPage","@id":"https:\/\/www.bianchifinance-societarl.com\/index.php\/chi-siamo\/turismo-dentale-in-albania\/?lang=it","url":"https:\/\/www.bianchifinance-societarl.com\/index.php\/chi-siamo\/turismo-dentale-in-albania\/?lang=it","name":"ImplantSwiss Albania - Turismo Dentale Albania - Impianti Dentali | Corona Dentale","isPartOf":{"@id":"https:\/\/www.bianchifinance-societarl.com\/#website"},"datePublished":"2022-05-23T12:36:02+00:00","dateModified":"2022-05-29T21:22:49+00:00","description":"ImplantSwiss Albania is a modern dental clinic specializing in advanced diagnostics and treating dental and oral disorders. It is also one of the most reliable brands in the dental sector with its innovative solutions, unique surface design, and high-quality implants. We offer comprehensive services from all fields of dentistry. In addition to high-end dental equipment, all services are provided in a comfortable and luxurious environment. New patients are welcomed with a complimentary oral health consultation.","breadcrumb":{"@id":"https:\/\/www.bianchifinance-societarl.com\/index.php\/chi-siamo\/turismo-dentale-in-albania\/?lang=it#breadcrumb"},"inLanguage":"en-US","potentialAction":[{"@type":"ReadAction","target":["https:\/\/www.bianchifinance-societarl.com\/index.php\/chi-siamo\/turismo-dentale-in-albania\/?lang=it"]}]},{"@type":"BreadcrumbList","@id":"https:\/\/www.bianchifinance-societarl.com\/index.php\/chi-siamo\/turismo-dentale-in-albania\/?lang=it#breadcrumb","itemListElement":[{"@type":"ListItem","position":1,"name":"Home","item":"https:\/\/www.bianchifinance-societarl.com\/"},{"@type":"ListItem","position":2,"name":"Chi Siamo","item":"https:\/\/www.bianchifinance-societarl.com\/index.php\/chi-siamo\/?lang=it"},{"@type":"ListItem","position":3,"name":"Turismo Dentale"}]},{"@type":"WebSite","@id":"https:\/\/www.bianchifinance-societarl.com\/#website","url":"https:\/\/www.bianchifinance-societarl.com\/","name":"ImplantSwiss Albania","description":"Turismo Dentale Albania - Impianti Dentali | Corona Dentale","publisher":{"@id":"https:\/\/www.bianchifinance-societarl.com\/#organization"},"potentialAction":[{"@type":"SearchAction","target":{"@type":"EntryPoint","urlTemplate":"https:\/\/www.bianchifinance-societarl.com\/?s={search_term_string}"},"query-input":"required name=search_term_string"}],"inLanguage":"en-US"},{"@type":"Organization","@id":"https:\/\/www.bianchifinance-societarl.com\/#organization","name":"ImplantSwiss Albania","url":"https:\/\/www.bianchifinance-societarl.com\/","logo":{"@type":"ImageObject","inLanguage":"en-US","@id":"https:\/\/www.bianchifinance-societarl.com\/#\/schema\/logo\/image\/","url":"http:\/\/www.bianchifinance-societarl.com\/wp-content\/uploads\/2022\/04\/ISA-Logo.png","contentUrl":"http:\/\/www.bianchifinance-societarl.com\/wp-content\/uploads\/2022\/04\/ISA-Logo.png","width":600,"height":300,"caption":"ImplantSwiss Albania"},"image":{"@id":"https:\/\/www.bianchifinance-societarl.com\/#\/schema\/logo\/image\/"},"sameAs":["https:\/\/www.instagram.com\/implantswissalbania\/","https:\/\/www.facebook.com\/implantswissalbania"]}]}},"_links":{"self":[{"href":"https:\/\/www.bianchifinance-societarl.com\/index.php\/wp-json\/wp\/v2\/pages\/2823","targetHints":{"allow":["GET"]}}],"collection":[{"href":"https:\/\/www.bianchifinance-societarl.com\/index.php\/wp-json\/wp\/v2\/pages"}],"about":[{"href":"https:\/\/www.bianchifinance-societarl.com\/index.php\/wp-json\/wp\/v2\/types\/page"}],"author":[{"embeddable":true,"href":"https:\/\/www.bianchifinance-societarl.com\/index.php\/wp-json\/wp\/v2\/users\/1"}],"replies":[{"embeddable":true,"href":"https:\/\/www.bianchifinance-societarl.com\/index.php\/wp-json\/wp\/v2\/comments?post=2823"}],"version-history":[{"count":10,"href":"https:\/\/www.bianchifinance-societarl.com\/index.php\/wp-json\/wp\/v2\/pages\/2823\/revisions"}],"predecessor-version":[{"id":2874,"href":"https:\/\/www.bianchifinance-societarl.com\/index.php\/wp-json\/wp\/v2\/pages\/2823\/revisions\/2874"}],"up":[{"embeddable":true,"href":"https:\/\/www.bianchifinance-societarl.com\/index.php\/wp-json\/wp\/v2\/pages\/2679"}],"wp:attachment":[{"href":"https:\/\/www.bianchifinance-societarl.com\/index.php\/wp-json\/wp\/v2\/media?parent=2823"}],"curies":[{"name":"wp","href":"https:\/\/api.w.org\/{rel}","templated":true}]}}